{"id":363,"date":"2017-01-25T01:21:07","date_gmt":"2017-01-25T00:21:07","guid":{"rendered":"http:\/\/www.domina-escort.at\/fiona\/?page_id=363"},"modified":"2020-07-25T22:37:41","modified_gmt":"2020-07-25T20:37:41","slug":"mach-mir-freude","status":"publish","type":"page","link":"http:\/\/www.domina-escort.at\/fiona\/vorlieben\/mach-mir-freude\/","title":{"rendered":"Mach mir Freude&#8230;.."},"content":{"rendered":"<h3>Du willst mich erfreuen? Ich kann Dich beruhigen&#8230;.. Du darfst!<\/h3>\n<p>Ich habe da einen ganz speziellen Wunsch, der mit meiner Veranlagung zu tun hat.<img loading=\"lazy\" decoding=\"async\" class=\"alignright wp-image-611\" src=\"http:\/\/www.domina-escort.at\/fiona\/wp-content\/uploads\/IMG_8876_1.jpg\" alt=\"\" width=\"300\" height=\"450\" srcset=\"http:\/\/www.domina-escort.at\/fiona\/wp-content\/uploads\/IMG_8876_1.jpg 533w, http:\/\/www.domina-escort.at\/fiona\/wp-content\/uploads\/IMG_8876_1-200x300.jpg 200w, http:\/\/www.domina-escort.at\/fiona\/wp-content\/uploads\/IMG_8876_1-370x555.jpg 370w\" sizes=\"auto, (max-width: 300px) 100vw, 300px\" \/><\/p>\n<p>Meiner Meinung nach, kann man gar nicht genug davon haben \ud83d\ude42<\/p>\n<p>Ich w\u00fcnsche mir Spielzeug &#8211; nein, keine Teddyb\u00e4ren &#8211; ich spiele mit und an devoten M\u00e4nnern. Und sehr h\u00e4ufig sind es schlagende Spiele&#8230;<\/p>\n<p>Kurzum: Wenn Du ein interessantes, oder auch sch\u00f6nes Schlaginstrument als Geschenk mitbringst, wird Dir, falls es mir gef\u00e4llt, (damit) meine Aufmerksamkeit nicht verwehrt bleiben. Vielleicht gibt es auch einen Extranachschlag aus meinem dominanten Menu &#8211; Du solltest das im Ged\u00e4chtnis haben falls Du mir eine Bullwhip oder Rohrst\u00f6cke mitbringen solltest.<\/p>\n<blockquote><p>Die Peitsche, Klatsche oder auch das Paddel sollte Deinem Ausbildungsstand entsprechen, oder zumindest so geschaffen sein, dass Du eine Zeit lang standhalten kannst. Das dominante Spiel soll beiden Spa\u00df und Lust bereiten.<\/p><\/blockquote>\n<p>Wenn Du aber untertreibst oder mich etwa mit einem Plastiklineal oder einem alten Dildo ver\u00e4rgerst, so greife ich auf mein altbew\u00e4hrtes Ger\u00e4t zur\u00fcck und zeige Dir wie die Grenze Deiner Belastbarkeit aussieht.<\/p>\n<p>Auch anderes Instrumentarium welches zu meinen <a href=\"http:\/\/www.domina-escort.at\/fiona\/vorlieben\/\">Vorlieben <\/a>passt, ist gerne gesehen.<\/p>\n<blockquote><p>Also strenge Dich ein wenig an! Lass Deine Fantasie walten, wenn Du mir ein Geschenk machen m\u00f6chtest und verw\u00f6hne mich mit einem netten Mitbringsel.<\/p>\n<p>&nbsp;<\/p><\/blockquote>\n<p><img loading=\"lazy\" decoding=\"async\" class=\"wp-image-610 aligncenter\" src=\"http:\/\/www.domina-escort.at\/fiona\/wp-content\/uploads\/IMG_9772-1024x683.jpg\" alt=\"\" width=\"800\" height=\"533\" srcset=\"http:\/\/www.domina-escort.at\/fiona\/wp-content\/uploads\/IMG_9772-1024x683.jpg 1024w, http:\/\/www.domina-escort.at\/fiona\/wp-content\/uploads\/IMG_9772-300x200.jpg 300w, http:\/\/www.domina-escort.at\/fiona\/wp-content\/uploads\/IMG_9772-768x512.jpg 768w, http:\/\/www.domina-escort.at\/fiona\/wp-content\/uploads\/IMG_9772-1536x1024.jpg 1536w, http:\/\/www.domina-escort.at\/fiona\/wp-content\/uploads\/IMG_9772-2048x1365.jpg 2048w, http:\/\/www.domina-escort.at\/fiona\/wp-content\/uploads\/IMG_9772-370x247.jpg 370w, http:\/\/www.domina-escort.at\/fiona\/wp-content\/uploads\/IMG_9772-1040x693.jpg 1040w\" sizes=\"auto, (max-width: 800px) 100vw, 800px\" \/><\/p>\n","protected":false},"excerpt":{"rendered":"<p>Du willst mich erfreuen? Ich kann Dich beruhigen&#8230;.. Du darfst! Ich habe da einen ganz speziellen Wunsch, der mit meiner Veranlagung zu tun hat. Meiner Meinung nach, kann man gar nicht genug davon haben \ud83d\ude42[&#8230;]<\/p>\n","protected":false},"author":1,"featured_media":0,"parent":72,"menu_order":0,"comment_status":"closed","ping_status":"closed","template":"","meta":{"ngg_post_thumbnail":0,"footnotes":""},"class_list":["post-363","page","type-page","status-publish","hentry"],"aioseo_notices":[],"_links":{"self":[{"href":"http:\/\/www.domina-escort.at\/fiona\/wp-json\/wp\/v2\/pages\/363","targetHints":{"allow":["GET"]}}],"collection":[{"href":"http:\/\/www.domina-escort.at\/fiona\/wp-json\/wp\/v2\/pages"}],"about":[{"href":"http:\/\/www.domina-escort.at\/fiona\/wp-json\/wp\/v2\/types\/page"}],"author":[{"embeddable":true,"href":"http:\/\/www.domina-escort.at\/fiona\/wp-json\/wp\/v2\/users\/1"}],"replies":[{"embeddable":true,"href":"http:\/\/www.domina-escort.at\/fiona\/wp-json\/wp\/v2\/comments?post=363"}],"version-history":[{"count":0,"href":"http:\/\/www.domina-escort.at\/fiona\/wp-json\/wp\/v2\/pages\/363\/revisions"}],"up":[{"embeddable":true,"href":"http:\/\/www.domina-escort.at\/fiona\/wp-json\/wp\/v2\/pages\/72"}],"wp:attachment":[{"href":"http:\/\/www.domina-escort.at\/fiona\/wp-json\/wp\/v2\/media?parent=363"}],"curies":[{"name":"wp","href":"https:\/\/api.w.org\/{rel}","templated":true}]}}